 Let v(m) = 2*m**2 - 3*m + 6. Let h be v(4). What is the highest common divisor of h and q?
13
Suppose -8*y + 150 = -3*y. Suppose 3*c - 17 = -z, 0*z - z = -2. Suppose c*t + 32 = 82. Calculate the greatest common divisor of y and t.
10
Let g(w) be the third derivative of w**4/4 - 2*w**3/3 + 4*w**2. Let d be g(4). What is the highest common divisor of 5 and d?
5
Let p(v) = v + 120. Let w be p(0). Let t(g) = 5*g - 3. Let h be t(2). Suppose 2*d - 25 - h = 2*a, -3*a = 3. What is the highest common factor of w and d?
15
Suppose -192 = -2*w + 3*p, -192 = -5*w + 3*w - 4*p. Suppose 1 - 13 = -v. Calculate the highest common factor of w and v.
12
Let x(i) = -i**3 - 5*i**2 + 2. Let w be x(-5). Let y(z) = -4 + 6*z**2 - z**2 - 4*z**w + 5*z. Let c be y(7). Calculate the greatest common divisor of c and 32.
16
Let i = 19 + 3. Let v be i/8 - 1/(-4). Let m = 8 - v. Calculate the greatest common divisor of 2 and m.
1
Let g be 12/(-42) + (-60)/(-14). Suppose -4*v + g + 0 = 0. What is the highest common divisor of v and 8?
1
Suppose z + 0*z - 6 = -2*w, -3*z - 3*w = -12. Let g be 8/(-6)*(-6)/4. Calculate the greatest common factor of g and z.
2
Let x(z) = -z**3 + 4*z**2 + 2*z - 5. Let m be x(4). Let q = 6 + -3. Calculate the highest common factor of m and q.
3
Let g(b) = -b - 1. Let z be g(-3). Calculate the greatest common factor of z and 6.
2
Suppose 2*b - 7 = -1. Let h be (-2)/7 - (-48)/21. Suppose 0 = m - 3*p - 24, h*p = -4*m + 7*p + 96. Calculate the highest common factor of b and m.
3
Suppose 4*w - 3*d = -d - 402, 398 = -4*w - 2*d. Let g = 170 + w. What is the highest common divisor of 10 and g?
10
Suppose -3*d + n - 56 = -7*d, 4*d - 2*n - 68 = 0. Calculate the highest common divisor of 195 and d.
15
Suppose 26 = 5*t + j, -2*j - 24 = -5*t + 14. Let b(z) = -z**3 + 5*z**2 + 9*z - 8. Let d be b(t). Let v = 24 - d. What is the greatest common factor of 56 and v?
14
Let u = -6 + 7. Let f be 21/(-7) + u + 1. Let o be -4 - f - (-44)/2. What is the highest common factor of 19 and o?
19
Let r(p) = -p**2 - 5*p - 6. Let d be r(-4). Let b = 8 + d. What is the greatest common divisor of b and 54?
6
Let k be (8/(-3))/(8/(-132)). Calculate the highest common factor of k and 22.
22
Let w(v) = 6*v - 2. Let u be w(4). What is the highest common divisor of 11 and u?
11
Let y be ((-16)/(-5))/(6/15). Suppose 3*a - y*a = -100. Suppose -3*g + 8 = -g. What is the greatest common factor of a and g?
4
Let q be (-3)/(2 + -5)*7. Let t = q + -4. Suppose -5*l - c = -12, 0*c - 4*c + t = 5*l. What is the greatest common factor of 3 and l?
3
Let c = -61 + 112. Let m be ((-2)/(-4))/((-1)/(-34)). Calculate the greatest common divisor of m and c.
17
Let d(z) = -4*z - 2*z - 4 + 4*z. Let b be d(-4). Let j be 2/(-3) + (-28)/(-6). What is the greatest common divisor of j and b?
4
Suppose -159 = 5*j + 1. Let c = j - -53. Calculate the greatest common divisor of c and 7.
7
Let q be ((-6)/10)/(2/(-10)). Let x = -40 - -29. Let p = q - x. Calculate the greatest common factor of p and 28.
14
Suppose 6*m = m + 5. Suppose 0 = -5*d + 265 - 40. Suppose -d = 4*b - 9*b. Calculate the greatest common factor of m and b.
1
Suppose 3*q + c + 3 = 16, 0 = 5*q + c - 21. Suppose q + 11 = k. What is the highest common factor of 15 and k?
15
Let d = 332 + -184. What is the greatest common divisor of d and 37?
37
Suppose 153 = -4*a + 505. Let g = -91 + 146. Suppose 4*w = -w + g. Calculate the highest common divisor of w and a.
11
Let a(t) = -t**2 - 5*t - 1. Let d be a(-3). Let b = -2 - -17. What is the highest common divisor of b and d?
5
Let d = 67 - 123. Let u be (d/(-21))/(2/3). Calculate the greatest common divisor of 10 and u.
2
Let p = 16 - -12. What is the highest common divisor of 252 and p?
28
Let z be (4 - 57/(-1)) + -1. Calculate the highest common factor of 40 and z.
20
Suppose 0 = 2*j - 0*x - 2*x + 366, 4*x = 5*j + 918. Let i = -292 + 566. Let h = j + i. What is the highest common divisor of h and 11?
11
Suppose -v + 17*v - 96 = 0. Calculate the highest common factor of 33 and v.
3
Let z(u) = -5*u**3 - 3*u**2 - u. Let q be z(-2). Suppose 5*k + 90 = 4*c, -2*k = -2*c + 1 + 43. Calculate the highest common divisor of c and q.
10
Suppose 0*g - 4 = -2*g. What is the highest common factor of 8 and g?
2
Suppose -4*o - 2*f + 5*f + 30 = 0, 4*f - 22 = -5*o. Calculate the greatest common factor of o and 12.
6
Suppose 4*t = 5*v + 87, -2*t - 5*v = -0*t - 81. Suppose -w + 2*w = t. Let u = -5 - -9. What is the highest common factor of u and w?
4
Let x(w) = w**3 - 5*w**2 - 5*w - 1. Let m be x(6). Suppose 2*k - b = -6*b + 55, -5 = b. Calculate the greatest common divisor of m and k.
5
Let g(f) = f**3 + 8*f**2 - f + 10. Suppose 0 = -5*t - 15 - 25. Let a be g(t). What is the greatest common factor of a and 12?
6
Let j(i) = i**2 + 63. Let x be j(0). Suppose 3*y = -5*m - 0 + 1, 0 = 4*m + 16. What is the greatest common divisor of y and x?
7
Let x = 88 - 24. Let v be x + (0/2)/4. Suppose 111 = 5*a + 31. What is the highest common divisor of a and v?
16
Let d be 0 + 9/3 + 24. Let g be ((-18)/(-8))/((-3)/(-16)). Let y = -3 + g. Calculate the greatest common factor of y and d.
9
Let w = -12 + 36. Let n(k) = -3*k**2 - 27*k + 8. Let u be n(-9). Calculate the highest common divisor of w and u.
8
Suppose 0 = -3*g - 1 + 10. Calculate the highest common divisor of g and 4.
1
Let j be (5/2)/(17/544). Let h be 8/(14/(-8) + 2). What is the greatest common divisor of j and h?
16
Let k(z) = 6*z**2 - 7*z + 9. Let b be k(6). Suppose 2*j - 5*s + 9 = b, -4 = s. What is the greatest common divisor of j and 7?
7
Let j(o) be the first derivative of o**2 + 5*o + 1. Let t be j(4). Let f = t + -6. Calculate the greatest common factor of 28 and f.
7
Let u be (-8)/(-16) + (-62)/(-4). Suppose v - 15 = 6*v, 0 = 4*c + 5*v - 113. What is the greatest common factor of c and u?
16
Let h(j) = 6*j**2 - 3*j + 5. Let r be h(5). Suppose 4*f = -f + r. Suppose 4*t - 92 - 76 = 0. What is the greatest common divisor of f and t?
14
Let l(r) = 15*r**2 + 1. Let y be l(3). Suppose 0 = -4*x - o + 5*o + y, 3*x = 2*o + 100. Suppose -3*f = -2*f - 8. What is the greatest common factor of x and f?
8
Suppose 5*m + 0*m + 20 = 0. Let x(g) = -g**3 - 5*g**2 - 5*g - 1. Let c be x(m). What is the highest common divisor of c and 15?
3
Suppose 5*p = 6*p - z - 2, -4*z - 17 = 5*p. Let i be (1/(-2))/(p/28). What is the greatest common divisor of 112 and i?
14
Let k = -2 - -6. Suppose -5*r + k*u - 8 = -42, -2*r - 5*u = -40. What is the highest common divisor of r and 70?
10
Let y(g) = g**2 + 7*g + 8. Let c be y(-6). What is the highest common factor of 4 and c?
2
Let z be (-2398)/(-110) + (-2)/(-9 + -1). What is the greatest common divisor of z and 198?
22
Suppose -6 = 7*v - 9*v. Suppose -28 = 5*d + 17. Let a = v - d. What is the highest common divisor of a and 24?
12
Let x be (-12)/((-12)/64 + 0). Suppose -5*z = -199 + x. Calculate the highest common divisor of z and 135.
27
Let y be (-12)/(-6) + (-75)/(-1). Let v(t) = 22*t. Let b be v(-2). Let j = b + y. What is the greatest common divisor of 11 and j?
11
Let v = -3 - -5. Suppose 161 = 2*o + 3*l, -l - 151 = -v*o - 6*l. Let s be (2/4)/((-2)/(-32)). What is the highest common factor of s and o?
8
Suppose 3*o = 7 + 317. Let t be 1/(-3 + (-74)/(-24)). Calculate the highest common factor of o and t.
12
Suppose m + 3*m - 20 = 0. Suppose 5*k - 3 + 23 = m*y, -3*k = -4*y + 12. Suppose y = -2*g + 25 - 9. Calculate the greatest common divisor of 2 and g.
2
Let c(s) = 3*s + 2. Let a be c(6). Calculate the greatest common factor of 12 and a.
4
Let v = -2 + 4. Suppose q + 23 = s, v*s - 13 = 5*q + 42. Suppose -3*w - s = -5*l + 4*l, -20 = -l - 2*w. Calculate the greatest common divisor of 4 and l.
4
Suppose 0 = -2*r - 5*g + 7 - 4, 3*g + 54 = 5*r. Let x be (-33)/((r/(-2))/3). Calculate the greatest common factor of x and 55.
11
Suppose -6*b = -b - 10. Let c be (-6)/b + 2 + 51. Calculate the highest common factor of c and 10.
10
Suppose -3*f + 5 = -10. Suppose 2*q - 17 = -u, 9 = -0*u - 3*u. What is the greatest common factor of q and f?
5
Suppose f = -1 + 4. Suppose -4*r + 2*c + 46 = 0, 2*r + c = 13 - 0. Calculate the greatest common divisor of r and f.
3
Suppose -5*i = 9 + 1. Let q be 10*i*(-36)/10. What is the highest common divisor of q and 9?
9
Let 